be (-4)/(-8)*6 + 15. Let w = u - t. Is w a prime number?
False
Let x(g) = -g**2 + 3*g. Let l be x(3). Let b(q) = q - 5. Let h be b(5). Suppose a + h*a - 6 = l. Is a a composite number?
True
Suppose -5*a + 4*z = -750, 0*a + z - 287 = -2*a. Is a prime?
False
Suppose h - 3*k - 44 = 0, -h = -2*h - 3*k + 62. Let f = h + -34. Is f a prime number?
True
Let w be 3/6 + (-33)/(-6). Is 584/w + (-3)/9 composite?
False
Suppose -2*s = 3*p - 71, 3*p - 47 = -2*s + 6*s. Is p a composite number?
True
Let n = -7 + 32. Suppose 24 = g - n. Is g prime?
False
Suppose o - 5*o + 5*w = -252, 3*o - 3*w = 189. Let x = 14 + o. Is x prime?
False
Suppose 11*u - 29899 = 2034. Is u a prime number?
True
Suppose -21 = -y + 1. Suppose -z = -4*k + 4, 4*z + 3*k = -0*z + y. Suppose 3*x - 201 = -2*p, 0 = z*x - 0*p - 4*p - 268. Is x prime?
True
Suppose 3*b - 5 = 10, 5*c - b = 115. Let k be (2/4)/(2/c). Suppose -k*w = -3*w - 195. Is w prime?
False
Is (3668/12)/(1/3) prime?
False
Suppose -5*b + 7*b = 652. Let x = b + -169. Is x a prime number?
True
Let g = 4429 + -1502. Is g a prime number?
True
Let r be 3/(-7) - 124/(-28). Suppose r*g = -g + 1115. Is g prime?
True
Let q(l) = -l**2 - 7*l + 2. Suppose s + 27 = 7*f - 2*f, 0 = -5*s + f - 39. Let c be q(s). Suppose v = z - 7, 7*v - c*v = 20. Is z prime?
True
Suppose -2*u - 32 = 2*u - 5*q, 0 = -2*u + 4*q - 22. Is 69 + 2 + 1 + u prime?
False
Is (-1 - 27)/(2/(-1)) a prime number?
False
Suppose -g - 6*c + c = -234, 0 = 3*g - 4*c - 759. Is g composite?
True
Let t be 1 + -2 + 2 + 56. Suppose -4*s = -5*s + t. Is s a composite number?
True
Let i be (-2)/(-7) - (-618)/42. Is (890/i)/(4/6) a composite number?
False
Suppose -3530 = -4*p - 1318. Is p a composite number?
True
Is 3/4 - 11/((-132)/1875) prime?
True
Let k(i) be the second derivative of -i**5/20 + 5*i**4/6 + 11*i**3/6 + 11*i**2/2 + i. Is k(11) prime?
True
Is ((21/6)/7)/((-2)/(-996)) a prime number?
False
Let v = -18 + 29. Let n(i) = -i - 4. Let w be n(-4). Is (v + w/3)*3 a prime number?
False
Let c(n) = -1 + n + 1. Let i be c(9). Suppose 209 = 4*h - 5*w, -i = -h + 2*w + 44. Is h a composite number?
True
Let m(r) = -r**3 - 8*r**2 - 6*r + 11. Let z(x) = -x**2 + 1. Let c be z(-3). Is m(c) a prime number?
True
Suppose -2*s - d = -386, 2*s - 2*d - 126 - 248 = 0. Is s a composite number?
False
Is (-2 + (-99)/2)*(8 + -34) prime?
False
Let z(k) = 359*k + 53. Is z(18) prime?
False
Let b = 571 - 402. Is b a prime number?
False
Let v = 122 - -17. Is v prime?
True
Suppose -2*f + 3*f = 740. Let d = f - 528. Let k = d + -93. Is k a prime number?
False
Suppose -52 = -7*b + 837. Is b a prime number?
True
Let k(l) be the second derivative of 5*l**4/12 + l**3/2 + 5*l**2/2 - 5*l. Is k(6) a prime number?
False
Let a(p) = -2*p + 3. Is a(-4) composite?
False
Let n = 1636 + -281. Is n a composite number?
True
Let t = 512 - 198. Suppose -t = -n + 5*g, 953 = 3*n - 3*g - g. Is n a prime number?
False
Let v(a) = -a**3 + 8*a**2 - 8*a - 5. Is v(6) a prime number?
True
Let a = -750 + 1283. Is a prime?
False
Let u(i) = -i + 2. Let h be u(0). Suppose 0 = 3*g - h*g - 51. Is g prime?
False
Suppose 2764 = -5*m + 9*m. Is m a composite number?
False
Let i(d) = 1. Let j(f) = -f + 1. Let n(r) = -2*i(r) + j(r). Let m be n(-5). Suppose 2*p = -8, 0 = m*o + 3*p - 293 - 267. Is o a prime number?
False
Suppose 3*r - 7*r = 0. Let n(u) = -u**2 + 5. Let s be n(r). Suppose -2*y = -y + s*w - 8, 4*w = y - 53. Is y a prime number?
False
Let l = -4 - -4. Suppose 2*c + 14 = -l*c. Is (9 - 0) + (c - -5) prime?
True
Let f(u) = 60*u**3 - 2*u**2 + 1. Let t be f(1). Suppose 4*r - 2 = -114. Let g = r + t. Is g composite?
False
Suppose 2*g - 22 = 10. Suppose 0 = -s - 3*s + g. Suppose -s*t + 173 = -5*u, t - 4*t + 2*u = -135. Is t prime?
True
Let r be (-959)/(-11) + 2/(-11). Let m = -20 + r. Is m composite?
False
Let r be (-1)/(-1)*0 + 4. Suppose -318 - 35 = -3*t - k, -2*t + 254 = -r*k. Is t a composite number?
True
Let n = 166 - 79. Is n a composite number?
True
Let m(u) = 2*u. Suppose 50 = y + 4*y. Let q be m(y). Let r = q + 5. Is r a prime number?
False
Let f be ((-2)/3)/((-2)/(-12)). Is (-149)/(f + 2 + 1) prime?
True
Let w(h) = -3*h**3 - h**2 + h - 2. Let x be w(2). Let s(i) = 8*i**3 + 2*i**2 + 4*i + 3. Let o be s(-2). Let c = x - o. Is c composite?
True
Suppose 0 = -r - 0*r + 21. Let n be (-6848)/7 + 6/r. Is (4/6)/((-4)/n) composite?
False
Suppose 4*l = 4*m - 0*m - 76, 0 = 3*m + 3*l - 81. Is m a composite number?
False
Let d(u) = -264*u - 5. Is d(-1) prime?
False
Suppose q - 288 = -2*q. Let p = 149 - q. Is p a composite number?
False
Suppose -b = -6*b. Suppose b = -2*i + 793 + 25. Is i composite?
False
Let c(o) = 8*o**2 + 6*o - 7. Is c(11) prime?
False
Let n = 232 - 30. Suppose n = -q + 2*q. Is q/8 - 5/20 a prime number?
False
Let l be -3 + (0 - 60) + -3. Suppose -2*q + 8 = -14. Let f = q - l. Is f composite?
True
Suppose 7*d = 6*d + 831. Is d composite?
True
Let b be -8*(6 - -1)*-1. Let k = b + -18. Suppose j - k = -j. Is j a composite number?
False
Suppose 2*g = -2*g - 3*o - 244, 2*g + 4*o + 132 = 0. Let j = g - -185. Is j a prime number?
True
Let j be (-4)/10 - (-3724)/10. Let c be (-244)/(-16) + (-9)/(-12). Suppose 4*a - j + c = 0. Is a a prime number?
True
Let a(r) = 79*r - 3. Suppose 5*c - 9 = 1. Is a(c) a composite number?
True
Suppose 5*z = 1385 + 1225. Suppose -5*m + z = m. Is m a composite number?
True
Let t(y) = -7*y + 1. Let c be t(-1). Let k be c/(5/((-1275)/6)). Let b = 573 + k. Is b a composite number?
False
Let f(t) = 9*t**3 - 2*t**2 - 6*t. Let w be f(-5). Let a = w + 1774. Is a composite?
True
Let m(f) = 12*f**2 + 7*f - 9. Let a be m(7). Is 2/(-5) + a/20 a composite number?
False
Suppose -406 - 1661 = t. Let f = -524 - t. Is f a prime number?
True
Let f(q) = q**2 - 6*q + 17. Is f(10) a composite number?
True
Suppose -6 = -5*k + 2*k. Is (k + -16)*2/(-4) prime?
True
Suppose 8*n - 3*n + 20 = -5*t, -2*n + t = -1. Let k(z) = -147*z + 2. Is k(n) composite?
False
Suppose -6*g + 0*g = -7662. Is g prime?
True
Suppose -2*d + 4 = -2. Suppose r = -d*r + 148. Is r prime?
True
Let y be 2 + (-3)/(-9)*3. Suppose 2*x + y*x - 185 = 0. Is x a composite number?
False
Let f(c) = c - 5. Let k be f(3). Let u be 263 + k + (-3)/(-3). Let s = u + -149. Is s a prime number?
True
Suppose -6 = -2*b - 0. Let x = b + -1. Is (1 - 0/x)*37 a prime number?
True
Let c = 4550 + -3213. Is c composite?
True
Is 2*(-185)/(-5)*(-23)/(-2) a composite number?
True
Let v = -73 - -274. Suppose -3*j - 27 = v. Is 1 - (j + -3 - -1) a prime number?
True
Let m be 37 + 9/3 + 0. Let i = m - 17. Is i a composite number?
False
Suppose -348 - 695 = -7*a. Is a a prime number?
True
Let o(j) = -2*j - 19. Let s be o(-9). Let f(w) = -8*w + 13*w - 74*w. Is f(s) prime?
False
Let k be (6/4)/((-3)/(-32)). Suppose 5*y - 34 = -h, 0 = 4*y - 3*h + h - k. Let u(t) = 2*t**2 - 6*t + 1. Is u(y) prime?
True
Suppose 3*k + 4 - 16 = 0. Suppose 0*n = k*n - 12. Suppose 5*r = r, -n*m = -2*r - 99. Is m prime?
False
Let g(n) = -n**2 - 5*n - 3. Let v be 4/8*-1*4. Let b be g(v). Is ((-19)/1)/(b + -4) a composite number?
False
Let h = 360 + -233. Is h a prime number?
True
Let x(n) = -n - 3. Let j be x(-5). Suppose 2*a + 5*p - j*p - 23 = 0, 5*a = 2*p + 29. Suppose -4*c + a*c = 2*i - 98, 51 = i - c. Is i prime?
False
Let q be 5/25 + 128/10. Let m = q - 2. Is m composite?
False
Is (39/(-6))/((-1)/38) a prime number?
False
Is (-1430)/(-2) + 2 + -1 + 1 prime?
False
Is -16 + 13 - (-800 - -1) - -1 a prime number?
True
Let r be -2 + -2 + 0/3. Let l(u) = -5*u - 1. Is l(r) a composite number?
False
Is 163 - 1*(3 + -1) prime?
False
Let y be 4/(-14) - 198/42. Let h be (-12)/(-5) - (-2)/y. Suppose -4*s + h*v + 30 = -18, 3*s - 23 = -5*v. Is s a composite number?
False
Let s be (-8)/2 + 3 + -2. Let z be (4 + -1)/(s/(-14)). Let j = 51 - z. Is j a composite number?
False
Suppose 0 = -5*s + 3*f + 68, s + 34 = 4*s + 5*f. Let y = s - -24. Is y composite?
False
Suppose 8*k + 60 = 4*k. Suppose -32 - 12 = -2*t. Let v = t + k. Is v prime?
True
Let u = -390 + 278. Let m = u - -197. Is m prime?
False
Suppose 2*v - 5 = -1. Let l = 2 + 111. Suppose -v*d + l = -d. Is d a composite number?
False
Suppose 0*x - 4*r + 109 = 5*x, x + 2*r = 17. Suppose -p + 10 = -x. Is p a prime number?
False
Suppose -4*x = -5*n + 4 + 4, 0 = 5*x + 4*n + 10. Le